es 47 divide 658?
True
Is 9 a factor of 21168?
True
Is 25 a factor of 75?
True
Is 25252 a multiple of 54?
False
Does 3 divide 118?
False
Is 578 a multiple of 49?
False
Does 13 divide 676?
True
Does 65 divide 596?
False
Does 134 divide 9916?
True
Is 54 a factor of 8208?
True
Does 23 divide 575?
True
Is 4 a factor of 21092?
True
Does 5 divide 96?
False
Is 26 a factor of 14501?
False
Does 44 divide 15004?
True
Is 138 a factor of 6580?
False
Is 34 a factor of 2142?
True
Is 19383 a multiple of 154?
False
Is 8 a factor of 170?
False
Is 12 a factor of 7344?
True
Is 80 a multiple of 4?
True
Is 390 a multiple of 9?
False
Is 568 a multiple of 71?
True
Is 60311 a multiple of 41?
True
Is 28380 a multiple of 66?
True
Does 4 divide 642?
False
Is 10 a factor of 270?
True
Is 68 a factor of 12172?
True
Does 107 divide 5778?
True
Does 38 divide 36100?
True
Is 26 a factor of 3050?
False
Is 12 a factor of 144?
True
Is 77 a factor of 18911?
False
Does 19 divide 7495?
False
Does 12 divide 3024?
True
Does 59 divide 8542?
False
Is 5383 a multiple of 24?
False
Is 49807 a multiple of 144?
False
Is 40 a factor of 1960?
True
Is 1285 a multiple of 67?
False
Does 4 divide 158?
False
Does 4 divide 8702?
False
Does 49 divide 1617?
True
Does 15 divide 1970?
False
Does 79 divide 59724?
True
Is 16660 a multiple of 68?
True
Does 31 divide 434?
True
Does 6 divide 242?
False
Is 184 a multiple of 4?
True
Does 24 divide 46979?
False
Is 724 a multiple of 28?
False
Does 34 divide 28049?
False
Is 23 a factor of 647?
False
Does 2 divide 41?
False
Is 150 a multiple of 75?
True
Is 48 a factor of 17328?
True
Does 15 divide 4199?
False
Does 15 divide 3030?
True
Is 172 a factor of 6364?
True
Is 21 a factor of 1752?
False
Is 25694 a multiple of 29?
True
Is 15 a factor of 1665?
True
Does 2 divide 77?
False
Is 14 a factor of 63630?
True
Is 6 a factor of 11025?
False
Is 4620 a multiple of 11?
True
Is 4 a factor of 164?
True
Is 70 a factor of 12754?
False
Is 1225 a multiple of 5?
True
Does 25 divide 7332?
False
Is 40 a factor of 160?
True
Is 6 a factor of 720?
True
Does 19 divide 5130?
True
Is 274 a multiple of 5?
False
Is 2542 a multiple of 41?
True
Is 19 a factor of 1710?
True
Is 5873 a multiple of 59?
False
Is 17336 a multiple of 21?
False
Does 11 divide 16984?
True
Is 18 a factor of 167?
False
Is 223 a factor of 12934?
True
Does 5 divide 33235?
True
Is 116 a factor of 7084?
False
Is 1400 a multiple of 40?
True
Does 38 divide 733?
False
Is 12965 a multiple of 54?
False
Is 5165 a multiple of 22?
False
Is 98 a factor of 3724?
True
Is 358 a multiple of 78?
False
Is 47 a factor of 2446?
False
Is 1487 a multiple of 93?
False
Is 60 a factor of 40080?
True
Does 19 divide 15770?
True
Is 33504 a multiple of 32?
True
Does 38 divide 6242?
False
Is 1610 a multiple of 2?
True
Is 281 a factor of 8430?
True
Does 24 divide 7372?
False
Does 36 divide 796?
False
Is 489 a multiple of 23?
False
Does 38 divide 691?
False
Is 235 a factor of 12267?
False
Is 108 a multiple of 4?
True
Is 6510 a multiple of 30?
True
Is 5 a factor of 1685?
True
Is 3 a factor of 5?
False
Does 36 divide 1275?
False
Does 167 divide 26386?
True
Is 504 a multiple of 14?
True
Does 173 divide 42823?
False
Is 2 a factor of 402?
True
Is 2175 a multiple of 29?
True
Is 17 a factor of 21305?
False
Does 16 divide 656?
True
Is 10666 a multiple of 114?
False
Does 8 divide 184?
True
Is 340 a multiple of 13?
False
Is 36702 a multiple of 179?
False
Is 830 a multiple of 32?
False
Is 15 a factor of 686?
False
Is 1376 a multiple of 16?
True
Is 16 a factor of 336?
True
Is 53328 a multiple of 11?
True
Is 17 a factor of 12751?
False
Does 17 divide 80322?
False
Is 15544 a multiple of 116?
True
Does 23 divide 6585?
False
Does 111 divide 33189?
True
Is 1622 a multiple of 4?
False
Is 21410 a multiple of 4?
False
Is 7 a factor of 791?
True
Does 24 divide 967?
False
Does 23 divide 129582?
True
Is 1130 a multiple of 26?
False
Does 147 divide 11912?
False
Is 12871 a multiple of 33?
False
Is 10 a factor of 11786?
False
Is 29 a factor of 2871?
True
Is 659 a multiple of 16?
False
Is 37 a factor of 552?
False
Is 9930 a multiple of 9?
False
Is 74 a factor of 1036?
True
Is 6 a factor of 1518?
True
Does 12 divide 2626?
False
Is 3 a factor of 6612?
True
Does 58 divide 4176?
True
Is 12 a factor of 1377?
False
Is 2856 a multiple of 17?
True
Is 761 a multiple of 2?
False
Does 38 divide 34580?
True
Does 38 divide 49520?
False
Is 252 a multiple of 14?
True
Does 79 divide 957?
False
Is 2580 a multiple of 12?
True
Does 36 divide 4143?
False
Does 132 divide 8448?
True
Is 4620 a multiple of 77?
True
Does 26 divide 73216?
True
Is 12 a factor of 26916?
True
Does 224 divide 84224?
True
Is 1528 a multiple of 22?
False
Does 4 divide 14281?
False
Does 3 divide 993?
True
Is 30 a factor of 30163?
False
Is 153 a factor of 49266?
True
Is 48 a factor of 384?
True
Is 448 a multiple of 4?
True
Does 38 divide 3608?
False
Is 19 a factor of 6949?
False
Is 1736 a multiple of 8?
True
Does 88 divide 880?
True
Is 2 a factor of 2267?
False
Is 86713 a multiple of 79?
False
Does 3 divide 2930?
False
Is 832 a multiple of 8?
True
Does 17 divide 1649?
True
Does 17 divide 38743?
True
Is 11 a factor of 3935?
False
Does 32 divide 7872?
True
Is 35 a factor of 2380?
True
Is 2989 a multiple of 61?
True
Is 11 a factor of 14498?
True
Is 9 a factor of 300?
False
Is 16 a factor of 991?
False
Is 17 a factor of 221?
True
Is 41296 a multiple of 178?
True
Is 134 a multiple of 67?
True
Is 1316 a multiple of 47?
True
Is 648 a multiple of 12?
True
Is 11844 a multiple of 172?
False
Does 23 divide 62824?
False
Is 50392 a multiple of 12?
False
Is 840 a multiple of 12?
True
Is 6172 a multiple of 17?
False
Is 7 a factor of 1008?
True
Does 20 divide 4720?
True
Is 737 a multiple of 12?
False
Is 52 a factor of 23315?
False
Is 111 a factor of 67599?
True
Does 17 divide 5134?
True
Is 48 a factor of 15504?
True
Is 700 a multiple of 6?
False
Does 23 divide 972?
False
Is 38 a factor of 125?
False
Is 133 a factor of 26208?
False
Does 10 divide 2050?
True
Does 28 divide 2044?
True
Does 95 divide 75396?
False
Is 1530 a multiple of 13?
False
Is 94 a factor of 7144?
True
Does 44 divide 1100?
True
Does 8 divide 18856?
True
Is 47 a factor of 63168?
True
Is 8 a factor of 3896?
True
Does 53 divide 1625?
False
Does 9 divide 5813?
False
Is 16298 a multiple of 112?
False
Is 9 a factor of 831?
False
Does 100 divide 400?
True
Is 3931 a multiple of 47?
False
Is 1040 a multiple of 82?
False
Is 139 a factor of 141660?
False
Does 58 divide 90?
False
Does 11 divide 198?
True
Does 4 divide 708?
True
Does 13 divide 3562?
True
Is 1443 a multiple of 13?
True
Is 56 a factor of 11704?
True
Is 360 a multiple of 40?
True
Does 17 divide 2866?
False
Is 109 a factor of 51992?
False
Is 220 a multiple of 22?
True
Is 1278 a multiple of 14?
False
Is 3365 a multiple of 76?
False
Is 1298 a multiple of 11?
True
Is 93838 a multiple of 19?
False
Is 86 a factor of 256?
False
Is 19 a factor of 3040?
True
Does 220 divide 61547?
False
Is 92 a factor of 29808?
True
Is 8 a factor of 86?
False
Does 108 divide 16127?
False
Is 100 a factor of 2155?
False
Does 14 divide 7251?
False
Is 23 a factor of 3450?
True
Is 22199 a multiple of 79?
True
Is 337 a multiple of 15?
False
Is 2 a factor of 71?
False
Does 3 divide 439?
False
Is 45 a factor of 721?
False
Does 12 divide 2542?
False
Is 18 a factor of 540?
True
Is 64 a factor of 1400?
False
Is 888 a multiple of 8?
True
Is 740 a multiple of 8?
False
Is 61 a factor of 2318?
True
Is 156 a factor of 9721?
False
Is 83 a factor of 4713?
False
Does 13 divide 6953?
False
Does 2 divide 3500?
True
Is 2234 a multiple of 24?
False
Is 1236 a multiple of 23?
False
Is 54970 a multiple of 115?
True
Is 14745 a multiple of 35?
False
Is 70 a factor of 4060?
True
Is 1472 a multiple of 43?
False
Is 14 a factor of 223?
False
Is 22 a factor of 792?
True
Does 111 divide 18981?
True
Is 62 a factor of 11544?
False
Is 12 a factor of 756?
True
Is 468 a multiple of 18?
True
Does 14 divide 1218?
True
Is 22906 a multiple of 87?
False
Is 617 a multiple of 13?
False
Is 222 a multiple of 11?
False
Does 16 divide 142?
False
Does 42 divide 14658?
True
Is 15 a factor of 22860?
True
Does 6 divide 17624?
False
Is 3844 a multiple of 45?
False
Does 13 divide 5370?
False
Does 13 